ainder when 4 is divided by v.
0
Suppose 5*b + 167 = 3*c, 5*c + 18*b - 272 = 20*b. Let o(h) = h**2 + 14. Calculate the remainder when c is divided by o(0).
12
Let g = -54 + 103. Let l(w) = w**2 + 6*w + 8. Let t be l(-6). What is the remainder when g is divided by ((-26)/t)/((-2)/8)?
10
Let u = 272 + -249. What is the remainder when 77 is divided by u?
8
Suppose 4*l = -3*h + 32, -2*h = h - 4*l + 8. Let s = 64 - 37. What is the remainder when s is divided by h?
3
Let p(i) = -115*i**3 - i**2 - i - 1. Let o be p(-1). Suppose 2*j - 5*j = -o. Calculate the remainder when j is divided by 20.
18
Suppose 11*m = 13*m - 44. Let q = 35 - m. What is the remainder when 50 is divided by q?
11
Let q = -19 + 75. Suppose -3*p + 25 = -3*w - 26, 2*w + 72 = 4*p. Calculate the remainder when q is divided by p.
18
What is the remainder when 454 is divided by (1/1)/((-5)/200*-4)?
4
Let r be (12/15)/((-6)/(-435)). Let g be 2 + (-1)/((-2)/(-8)). Let o = r - g. What is the remainder when o is divided by 21?
18
Let d = 136 - 95. Suppose -3*b = 2*x + 6 + 1, -6 = -2*b + 4*x. What is the remainder when d is divided by 10 - (0/2 + b)?
8
Let b = 45 + -27. Let s = 19 - b. Suppose s = -4*g + 13. What is the remainder when 8 is divided by g?
2
Calculate the remainder when ((-3)/3)/(4/(-272)*1) is divided by 20.
8
Let w(g) = -2*g**2 - 5*g - 17. Let x(z) = -z**2 - z. Let c(p) = -w(p) + x(p). Calculate the remainder when c(7) is divided by 32.
30
Let g = 45 + -26. Let x be (-36)/8*8/(-4). Let f = x - -2. Calculate the remainder when g is divided by f.
8
Suppose -3*j + 70 = s + 23, -4*s = 4*j - 164. Calculate the remainder when 41 is divided by s.
3
Suppose -5*s + 0*s = 0. Suppose 2*l = -4*l + 84. Calculate the remainder when (-9)/(s + (-3)/18) is divided by l.
12
Suppose 5*q - 3*a = -691 - 817, 2*a - 2 = 0. What is the remainder when (16/2 - 2)/((-14)/q) is divided by 12?
9
Let v = -6 + 9. Suppose -v*d + 57 = 18. What is the remainder when (-3130)/(-65) + (-2)/13 is divided by d?
9
Let x = 296 - 263. What is the remainder when x is divided by 3?
0
Let q(n) = 25*n - 1. Let w be q(-1). Let j = w - -97. What is the remainder when j is divided by (48/(-28))/(1/(-14))?
23
Suppose 0 = -0*s + 6*s. Suppose t - 5 = -4*p + 5, 5*t - p - 71 = s. Suppose 66 = -3*z + 183. Calculate the remainder when z is divided by t.
11
Let i(c) = 90*c**2 - 8*c - 4. Calculate the remainder when 845 is divided by i(-1).
93
Suppose 9 = 5*p - 26. Let f(h) = -14*h - 44. What is the remainder when f(-4) is divided by p?
5
Suppose -145 = -3*a + 2*p, 5*a - 5 = -p + 215. What is the remainder when a is divided by 12?
9
Let h(b) = 2*b**3 + 16*b**2 - 5*b + 10. Let u be h(-8). Suppose -7 = -4*d + 49. What is the remainder when u/(-20)*(-54)/5 is divided by d?
13
Let u = 2 + -7. Let x = 5 - u. Calculate the remainder when x is divided by 6.
4
Suppose -76*o - 24*o + 3000 = 0. Calculate the remainder when o is divided by 8.
6
Let k = -109 - -78. Let s = k + 47. Suppose 54 + 82 = 4*i - 3*n, i - 2*n - 39 = 0. Calculate the remainder when i is divided by s.
15
Let v(f) = 2*f**2 + 7*f. Let r be v(-4). Suppose 4*i + r = -p, 2*i - 28 = -p + 6*i. Calculate the remainder when 69 is divided by p.
9
Suppose 20*h - 1386 = -13*h. Calculate the remainder when 122 is divided by h.
38
Suppose 2*w + w + 90 = 0. Let d = w + 42. Suppose -105 = -3*r - 6*v + 5*v, 4*r - 140 = 4*v. Calculate the remainder when r is divided by d.
11
Calculate the remainder when 55*(1 - (-24)/(-40)) is divided by 1.
0
Let b be (-4 - 150/3) + 4. Let h = b - -57. Calculate the remainder when 10 is divided by h.
3
Let l be ((3 + -4)/(-1))/1. What is the remainder when (-13)/(-6) + 5/(-30) is divided by l/((-6)/4 + 2)?
0
Suppose 0 = -2*t - 224 + 1662. What is the remainder when t is divided by 20?
19
Let x = 27 - 19. Suppose -2*n = -x, -5*n + n - 4 = -4*i. Calculate the remainder when 19 is divided by i.
4
Suppose -17 + 3 = j. Calculate the remainder when -1 + 68 + 1*2 is divided by (-2)/(-7) - 248/j.
15
Suppose -1593 = -26*b + 773. Calculate the remainder when 1362 is divided by b.
88
Let k = 30 - 28. Suppose -2*s + 12 = -g - g, -k*g + 54 = 4*s. Calculate the remainder when s is divided by 7.
4
What is the remainder when 205 is divided by (-2)/3 + (6970/(-30))/(-17)?
10
Let f(m) = 15*m - 111. What is the remainder when (-1 - 0)*(-53 - 0) is divided by f(8)?
8
Suppose -6*j = 3*x - 4*j - 19, -3*j = -x + 21. What is the remainder when 37 is divided by x?
1
Let q = -1173 + 1191. Calculate the remainder when 48 is divided by q.
12
Let d = -72 + 49. Let o = d - -33. Calculate the remainder when 47 is divided by o.
7
Let m(h) = -h**3 - 2*h**2 + 2*h + 4. Let u be m(-3). Suppose -u*p = -22 - 41. What is the remainder when 97 is divided by p?
7
Suppose 2*z + 2*m = 34, 5*z + 2*m - 36 = 55. Let h = -14 + z. Let b = 18 - 4. What is the remainder when b is divided by h?
4
Suppose f + 39 = 2*s, 5*f = -3*s - 211 + 68. Let k = -19 - f. Calculate the remainder when 34 is divided by k.
10
Let f = -12 + 10. Let m = f + 5. Suppose -m*a + 4 + 32 = 0. Calculate the remainder when a is divided by 5.
2
Suppose 3*m + 2*m = -45. Let w(g) be the first derivative of g**3/3 + 9*g**2/2 + 11*g - 220. What is the remainder when 19 is divided by w(m)?
8
Let c(u) = -2*u**2 + 10*u - 28. Let f(o) = -2*o**2 + 10*o - 27. Let n(t) = -3*c(t) + 2*f(t). Calculate the remainder when 147 is divided by n(5).
27
Let c be ((-12)/9)/((-6)/(-9)). Let u be (c/(-1) - 3) + 21. Let n = u - 15. Calculate the remainder when n is divided by 2.
1
Suppose -5*n + 54 = 5*r - 201, 0 = 4*r + n - 189. Calculate the remainder when 266 is divided by r.
36
Let i be 201/(-9) - (-2)/6. Let o(v) = v**2 + 20*v - 29. Calculate the remainder when 72 is divided by o(i).
12
Let t = -696 + 736. What is the remainder when 91 is divided by t?
11
Let s = -664 - -1131. Calculate the remainder when s is divided by 5.
2
Let n(a) = 2*a**2 - 2. Let h be (-1)/(-5 - (-78)/15). Calculate the remainder when 286 is divided by n(h).
46
Let z = -2 + 8. Suppose 17*i - 6*i - 22 = 0. Suppose i*n = -4*d + 96, -4*n = 4*d - 0*n - 104. What is the remainder when d is divided by z?
4
Let a be -1 + 1 + 5 - 2. Let q be 2*(a - 1/(-2)). Suppose q*z = 10*z - 123. What is the remainder when z is divided by 21?
20
Let b = -409 + 1024. Calculate the remainder when b is divided by 44.
43
Let r = -115 + 146. Let o(k) = -2 - 4*k + 17*k + 3. Calculate the remainder when o(7) is divided by r.
30
Let z(g) = -11*g**3 + 2*g**2 + 17*g + 14. What is the remainder when 52 is divided by z(-1)?
2
Suppose 5*i = 3*d - 441, -d + 2 = -0*d. Let k = i + 113. Suppose 0*x = x - 10. Calculate the remainder when k is divided by x.
6
Calculate the remainder when -3 + 5*294/35 is divided by 14.
11
Let t = -328 - -335. What is the remainder when 26 is divided by t?
5
Let l = 11 - -67. Calculate the remainder when l is divided by 30.
18
Let i(j) = j**3 - j**2 + j + 4. Let b(o) = -o**3 + 7*o**2 - o + 7. Let x be b(7). Suppose -4 = -3*v + 5. Calculate the remainder when i(x) is divided by v.
1
Suppose 5*j = -74 + 269. Calculate the remainder when j is divided by 14.
11
Suppose 4*j - 17 = -y + 9, -8 = -2*y + 3*j. What is the remainder when 56 is divided by y?
6
Suppose -5*v + s + 62 = 0, -5*v - 3*s = -26 - 48. Let i = -42 - -92. Calculate the remainder when i is divided by v.
11
Let g(z) = 7*z. Let p be g(1). Suppose 2*d - p*d = -15. Suppose 3*v + d*r = 90, -3*r - r - 69 = -3*v. What is the remainder when 79 is divided by v?
25
Let z = -315 - -149. Let r = z + 285. Suppose 6*m - 2*m + r = 5*n, -65 = -3*n - 4*m. What is the remainder when n is divided by 8?
7
Let g be (225/100)/(1/(-16)). Let m = g - -56. Calculate the remainder when m is divided by 6.
2
Let x(v) = -v - 2. Let b be x(-4). Suppose b*d = 56 + 30. What is the remainder when d is divided by 12?
7
Suppose -10*c = -3*c + 21. Let w(k) = 10*k**2 + 7*k + 2. What is the remainder when w(c) is divided by 12?
11
Suppose 4*g = -0 - 16. Let b be (g/10)/(3/(-15)). Suppose 0 = -c + 4 + b. Calculate the remainder when 21 is divided by c.
3
Let q(l) = -4*l + 52. What is the remainder when 96 is divided by q(3)?
16
Calculate the remainder when 136 is divided by 105/3 - 48/4.
21
Let p = 218 + -203. What is the remainder when 53 is divided by p?
8
Sup